w - 751, 5*w + 3*o - 3763 = v*o. Is w a prime number?
False
Suppose 9*y - 2*y - 105 = 0. Let i = -68 + y. Let l = 2 - i. Is l a composite number?
True
Let m(h) = 229*h**2 - 469*h - 65. Is m(13) a prime number?
False
Let h = 321904 + -211071. Is h composite?
True
Let h(j) = j**3 - 3*j**2 - j + 1469. Let t = -71 - -71. Is h(t) prime?
False
Let i(d) = -d**3 + 67*d**2 + 166*d + 17. Is i(69) prime?
True
Let h be (-173 + 12/(-3))*-1. Let v be h/(-6)*(18 + -4). Let x = v + 1320. Is x prime?
True
Let d(g) = -143*g**3 + 4*g**2 + 3. Let v be d(3). Let q(c) = -634*c + 1491. Let y be q(11). Let h = v - y. Is h prime?
False
Suppose i - 429306 = -d, 77*d - 4*i = 78*d - 429303. Is d composite?
True
Suppose 0*b = -5*o + 3*b + 42, 0 = -3*o - 3*b + 6. Suppose 8*a - 262 = o*a. Let i = -73 + a. Is i a composite number?
True
Let b = 27018 + -13991. Suppose -5*i - 2*i + b = 0. Is i prime?
True
Let d(h) = h**3 - 49*h**2 + 49*h - 51. Let i be d(48). Is -1 - (203/i)/((-30)/(-1620)) composite?
True
Let c be (4/(-5))/(2/990). Let m = c - -689. Is m prime?
True
Let q = 599694 + 521161. Is q prime?
False
Suppose 372 = 4*u + 96. Let t = 91 - u. Suppose 2*r = t + 16. Is r a composite number?
False
Suppose 15 = -3*h - 2*h, 0 = -5*x - 4*h + 3. Suppose -5*m - c + 4575 = -5*c, -3*m + x*c + 2748 = 0. Is m prime?
True
Let u(v) = 6*v - 40. Let y be u(7). Suppose 2*r + y*r = 27220. Is r composite?
True
Let k(z) = 1124*z**2 + 57*z - 237. Is k(-8) a prime number?
False
Let o(h) = h**3 - 9*h**2 - 5*h + 5. Let p be o(8). Let i be 2/9 - 176/p. Is -6 + 13974/54 - i/(-9) prime?
False
Let m(q) = 353*q + 157. Let w be m(15). Let t = w - 159. Is t a prime number?
False
Suppose -30*l = -54177 - 32463. Let v = 8019 - l. Is v a composite number?
True
Let t be (-2 - 2)/(3 - 4). Suppose -b - 17 + 97 = t*v, v + 5*b = 39. Suppose -14*n - 6065 = -v*n. Is n prime?
True
Let g(t) = 2*t**3 - 6*t**2 + 2*t - 4. Let c be (2 + (-5)/2)/(2/8). Let q(x) = 4*x**3 - 13*x**2 + 3*x - 7. Let v(n) = c*q(n) + 5*g(n). Is v(8) a prime number?
False
Let m be (28/56)/(4/(-5008)). Let p(t) = 90*t - 1. Let y be p(-1). Let g = y - m. Is g composite?
True
Let m(a) = 3*a**3 - 19*a**2 + 10*a - 12. Let s be m(6). Suppose 4*f = 20, 7*f + 612 = k + s*f. Is k a prime number?
True
Is (-12)/28 + (-721300)/105*120/(-16) a composite number?
False
Let b = 0 - -16. Suppose -22*f = -b*f - 48570. Let h = f - 4484. Is h a prime number?
False
Let c be -2 + (2/(-14) - 232/(-56)). Suppose 0 = 4*f + c*q - 11240, 4*f - q - 9509 = 1731. Suppose 13*u + f = 15*u. Is u composite?
True
Suppose -5*o + 3*n = -449458, -2*o - 2*n + 179785 = -5*n. Is o composite?
False
Let j be (28/8)/((-35)/(-20)). Let v(b) = 37*b - 5 + 20*b - 16*b. Is v(j) prime?
False
Suppose -1189*d - 110062612 = -1425*d. Is d prime?
False
Let u be 18*6/18*34/6. Is (u*1 + (-6 - -9))*5 a prime number?
False
Let u(x) = 963*x - 16466. Is u(125) prime?
False
Let b(g) = g**3 - 5*g**2 + 2*g + 13. Let i be b(4). Suppose -2495 = -i*d + 3*z, -5*z - 133 = d - 660. Is d a composite number?
True
Let g be ((-2612328)/(-623))/(1 - 38/42). Suppose x = -3*x + 5*q + g, 3*x - q = 33010. Is x prime?
False
Suppose 117 = 9*p - 864. Suppose -105*a - 6772 = -p*a. Is a a prime number?
True
Let c(d) = 2*d**3 - 11*d**2 + 19*d - 37. Let q be (-112)/(-20) + (-3)/15*-2. Is c(q) a composite number?
False
Let j(q) = -51*q + 242. Let a be j(5). Let o(s) = -542*s - 99. Is o(a) a composite number?
False
Suppose 2 + 30 = 2*l. Let y(s) = 2*s**3 - 22*s**2 + 11*s - 21. Let o be y(l). Suppose -g - 3753 = -5*n, -4*n - 3*g + o = -295. Is n a prime number?
True
Let x(f) = -34524*f**3 - 2*f + 1. Let p be x(1). Let z = p - -59912. Is z a prime number?
False
Let s(y) = -24*y - 103. Let t(j) = -25*j - 102. Let a(v) = 5*s(v) - 6*t(v). Is a(10) a composite number?
False
Let f be ((-6)/(-4))/(13 - 294/24). Suppose 29390 = 4*y + 3*i, -f*i + 0 = 4. Is y a prime number?
True
Suppose -15 = 5*x - 30. Suppose 7 = x*t - 8. Suppose 0 = -3*h - t*m + 861 + 1370, h + 5*m - 757 = 0. Is h prime?
False
Let y(p) = -p**3 + 9*p**2 + 2*p - 1. Let z be y(6). Let s be z/(-51) + (-4)/(-3). Is -2 + (s/2)/(1/(-834)) composite?
True
Let s = -1 - -3. Let g = -999 + 1003. Is (-10)/(g + -6) + s a prime number?
True
Let i = -720 + 3071. Is i a prime number?
True
Let f(m) = -m**3 - 5*m**2 - 3*m + 12. Let o be f(-3). Let a be (-1)/(-2) + 9346/4. Suppose 4*c - a = 5*w, 0*w + o*w = 4*c - 2335. Is c composite?
True
Let z = -18304 - -148883. Is z a composite number?
False
Suppose 3*t + 17*v = 13*v + 104789, -3*v = 4*t - 139735. Is t a prime number?
True
Let i(s) = s**2 - 8*s + 13. Let n be i(7). Let u(x) = 1004*x - 133. Is u(n) prime?
False
Let a(k) = -k**3 + 21*k**2 + 5*k - 115. Let g be a(21). Let f(w) = -6*w**3 + w**2 - 3*w - 11. Is f(g) prime?
False
Let i = -1481 + 509. Let g(z) = -569*z**2 - 4*z - 4. Let x be g(-1). Let j = x - i. Is j a prime number?
False
Let t(i) = -100*i**2 + 50*i**2 + 8337*i**3 + 3615*i**3 + 51*i**2. Is t(1) composite?
False
Let a = 2986 + -1148. Is a a composite number?
True
Let t = 66 - 63. Suppose -2*x - 108 = -r, -5 = 2*x - t. Is r prime?
False
Let d(p) = 5*p**3 - 6*p**2 + 20*p - 2. Let q = 36 - 41. Let u be (-4 + 12)/4 - q. Is d(u) prime?
True
Let c(d) = -4*d**3 + 3*d**2 - 2*d. Let q be c(1). Let l be (-69)/(-1)*(q + 9)/(-2). Let h = l + 334. Is h a composite number?
False
Let g(u) = -4*u**2 + 15*u - 3. Let t be g(6). Let m = t - -56. Is (1/2)/(m/(-2110)) prime?
False
Let n be 2/66*18 - (-876930)/22. Suppose 5*j + 4*r - n = 0, 2*r - 15926 = -2*j + 5*r. Is j a prime number?
False
Suppose p = -5*b + 91234, p + 65560 = -10*b + 248029. Is b prime?
False
Suppose 4*r = 5*i + 4, 49*i = 50*i - r. Let l(u) = -16*u**2 + 5*u + 2. Let j(f) = 33*f**2 - 9*f - 3. Let k(p) = 5*j(p) + 9*l(p). Is k(i) a prime number?
False
Suppose 6*q + 421977 - 3232631 = -8*q. Is q a composite number?
True
Let o(y) = 16 - y**3 + 5*y**2 + 2*y**3 - 47 + 5*y**2 - 3*y. Let u be o(-8). Let j = u - -10. Is j a composite number?
False
Suppose -4*b + 7*b + 2*u = -187, 4*b + 256 = -u. Let f be 66/5 + 13/b. Is (-3298)/78*-3 + 2/f a composite number?
False
Let a(y) = 84*y**2 - 6*y - 1. Suppose 6*t - t - w - 22 = 0, -5*w = -2*t - 5. Is a(t) a prime number?
True
Let w be 3 + 0 + (28 - 26). Suppose -5*u + 3*d = -10*u + 4466, 0 = 4*u + w*d - 3565. Suppose 0 = -5*l + 800 + u. Is l prime?
False
Let j be (-12)/54 - 4/18*-10. Is 2/(-4)*0/j + 5009 a composite number?
False
Let h = 0 - 26. Let n be (-4)/3 - h*3/18. Suppose -n*u - 177 = -4*u + 4*z, 4*z = -20. Is u prime?
True
Suppose -4*x - 8 = -4*z, z = 3*x + 4 - 2. Is 0 + 2189/z + (-2)/4 composite?
True
Is (-392116)/(-6)*(-486)/(-324) composite?
True
Is ((-48)/18)/(184/(-23137287)) a prime number?
True
Suppose 2*v - 20042 = r, -2*v - 61*r = -56*r - 20042. Is v a prime number?
False
Let w be -6 + (8 - 6) + 120267. Suppose 68314 = 2*n + h - 11862, 0 = 3*n + h - w. Is n composite?
False
Let q(a) = -3*a**3 - 11*a**2 - 342*a + 273. Is q(-37) composite?
False
Suppose -3*l + 41585 + 806667 = 2*r, 0 = 4*l - 8. Is r a prime number?
False
Let d(u) be the first derivative of 2*u**3/3 - u - 32. Let n be d(-2). Let s = 44 + n. Is s prime?
False
Let z = -33861 + 62156. Is z a composite number?
True
Let f = 80 - 22. Suppose -f*a + 3022 = -56*a. Is a a composite number?
False
Is -1 - -1 - -645163*(12 + -13 - -2) composite?
True
Suppose 0 = 104*q - 221476 - 541851 - 492057. Is q a prime number?
True
Let l be (5930/(-8))/((-3)/264*2). Suppose -5*d = -2*g - l, -435 = d + 5*g - 6931. Is d composite?
False
Suppose 0 = -3*f + 2*q - 85, 0 = f - 6*f - q - 120. Let k be 10/f + (-14)/(-10). Is k - (-18)/(-14) - 46348/(-28) a composite number?
True
Let h(a) = 2*a**2 - 19*a - 8. Let p be h(10). Let u be (-3 - (-3 + 0))/p. Is 3/(-2) - (u + (-2409)/2) a prime number?
False
Let g(h) = 2581*h**2 + 251*h - 1019. Is g(4) a prime number?
True
Suppose -21*s + 30*s = 22*s - 4208555. Is s composite?
True
Suppose 0 = 9*k - 27*k + 1008. Suppose -60*x = -k*x - 7588. Is x a prime number?
False
Let g be 5 - ((-4)/14 - (-46)/14). Suppose -g*q + 3*h = -1147, -1144 = -2*q + h + 3*h. Suppose 7 = 5*v - 8, -5*m + q = v. Is m a prime number?
False
Let c(v) = v**3 - 19*v**2 - 34*v + 17. Let s be c(16). Let o = s - -2734. Is o a prime number?
True
Let n = -27688 - -56037. Is n compo